the prime factors of 28172731.
28172731
What are the prime factors of 33898124?
2, 13, 103, 6329
What are the prime factors of 130005789?
3, 2543, 17041
What are the prime factors of 2413756243?
349, 2371, 2917
List the prime factors of 963326416.
2, 13, 1289, 3593
What are the prime factors of 30581346?
2, 3, 67, 127, 599
List the prime factors of 2333054491.
401, 1613, 3607
List the prime factors of 143731643.
11, 37, 353149
What are the prime factors of 934368801?
3, 43, 67, 108107
List the prime factors of 3191927668.
2, 43, 18557719
List the prime factors of 43966648.
2, 11, 499621
What are the prime factors of 618246585?
3, 5, 11, 41, 743
List the prime factors of 2688620281.
37, 72665413
List the prime factors of 1250026594.
2, 625013297
What are the prime factors of 1498822689?
3, 7, 13, 29, 31, 197
What are the prime factors of 1323608818?
2, 7, 19, 79, 62987
List the prime factors of 122904667.
509, 241463
List the prime factors of 86574814.
2, 43287407
What are the prime factors of 4071766?
2, 263, 7741
What are the prime factors of 110672392?
2, 13834049
List the prime factors of 85776595.
5, 17155319
List the prime factors of 382894155.
3, 5, 7, 405179
List the prime factors of 691671297.
3, 43, 5361793
List the prime factors of 62112275.
5, 2484491
List the prime factors of 10908337.
11, 19, 41, 67
What are the prime factors of 47870326?
2, 7, 3419309
List the prime factors of 180850937.
89, 307, 6619
List the prime factors of 82888331.
271, 305861
What are the prime factors of 231122618?
2, 3769, 30661
List the prime factors of 464314519.
464314519
List the prime factors of 279309755.
5, 55861951
List the prime factors of 473601103.
473601103
List the prime factors of 72296986.
2, 5323, 6791
What are the prime factors of 45379298?
2, 22689649
List the prime factors of 1644727842.
2, 3, 10152641
List the prime factors of 111602757.
3, 7, 5314417
What are the prime factors of 20014990?
2, 5, 379, 5281
List the prime factors of 1150581797.
151, 7619747
List the prime factors of 922426395.
3, 5, 11, 433, 12911
What are the prime factors of 3972998353?
3972998353
What are the prime factors of 206010105?
3, 5, 7, 1962001
What are the prime factors of 40359898?
2, 89, 226741
What are the prime factors of 1289660312?
2, 6529, 24691
What are the prime factors of 69898031?
7, 9985433
What are the prime factors of 17154405?
3, 5, 381209
What are the prime factors of 3179137?
13, 19, 61, 211
What are the prime factors of 346624919?
31, 11181449
What are the prime factors of 51357400?
2, 5, 211, 1217
What are the prime factors of 3026742472?
2, 13, 47, 307, 2017
What are the prime factors of 170678233?
11, 1871, 8293
What are the prime factors of 15314500?
2, 5, 109, 281
What are the prime factors of 929102636?
2, 7, 11, 101, 29867
List the prime factors of 112003732.
2, 1297, 21589
What are the prime factors of 441869841?
3, 7, 7013807
What are the prime factors of 102849112?
2, 89, 144451
List the prime factors of 201599065.
5, 977, 41269
What are the prime factors of 28339259?
13, 53, 41131
List the prime factors of 371938227.
3, 5209, 23801
List the prime factors of 868954871.
71, 811, 15091
List the prime factors of 7073015.
5, 139, 10177
List the prime factors of 504106327.
504106327
What are the prime factors of 477559022?
2, 238779511
List the prime factors of 14783624.
2, 1223, 1511
What are the prime factors of 409143221?
409143221
What are the prime factors of 412032484?
2, 103008121
List the prime factors of 34011476.
2, 233, 36493
What are the prime factors of 266286471?
3, 11, 277, 29131
List the prime factors of 9837536.
2, 307423
What are the prime factors of 294560943?
3, 3847, 25523
What are the prime factors of 547668220?
2, 5, 11, 317, 7853
List the prime factors of 70853914.
2, 5309, 6673
What are the prime factors of 4553727899?
7, 17, 37, 1034233
What are the prime factors of 35804544?
2, 3, 93241
List the prime factors of 122256065.
5, 24451213
List the prime factors of 217513657.
17, 12794921
List the prime factors of 382923599.
382923599
What are the prime factors of 5687266458?
2, 3, 67, 14147429
List the prime factors of 19444367.
19444367
List the prime factors of 63508158.
2, 3, 7, 17, 9883
List the prime factors of 477821112.
2, 3, 19909213
What are the prime factors of 701383689?
3, 19, 23, 178333
List the prime factors of 5950119.
3, 7, 17, 2381
What are the prime factors of 229066171?
1123, 203977
List the prime factors of 148892406.
2, 3, 13, 73, 79, 331
What are the prime factors of 4687152617?
7, 19, 97, 363317
List the prime factors of 262211100.
2, 3, 5, 874037
List the prime factors of 24014189.
24014189
List the prime factors of 1063526787.
3, 39389881
List the prime factors of 3518904000.
2, 3, 5, 151, 971
What are the prime factors of 645650651?
4793, 134707
What are the prime factors of 14298728?
2, 1787341
List the prime factors of 102300868.
2, 31, 825007
List the prime factors of 4346955563.
31, 1669, 84017
What are the prime factors of 3660601540?
2, 5, 183030077
What are the prime factors of 35260392?
2, 3, 31, 83, 571
What are the prime factors of 6875279234?
2, 3437639617
List the prime factors of 52969283.
19, 29, 251, 383
List the prime factors of 76435477.
569, 134333
List the prime factors of 144437990.
2, 5, 31, 465929
List the prime factors of 96536177.
109, 359, 2467
List the prime factors of 1124960394.
2, 3, 187493399
What are the prime factors of 8143431?
3, 433, 6269
List the prime factors of 72188385.
3, 5, 53, 90803
List the prime factors of 462336080.
2, 5, 17, 61, 5573
What are the prime factors of 25750355?
5, 157, 32803
What are the prime factors of 50955226?
2, 7, 19, 191561
What are the prime factors of 3084380785?
5, 616876157
List the prime factors of 251068074.
2, 3, 41844679
List the prime factors of 1698185206.
2, 199, 4266797
List the prime factors of 14534925.
3, 5, 193799
What are the prime factors of 306784663?
8693, 35291
What are the prime factors of 3211500519?
3, 356833391
What are the prime factors of 364752078?
2, 3, 23, 2643131
List the prime factors of 632919952.
2, 7, 41, 137831
What are the prime factors of 45138378?
2, 3, 107, 70309
What are the prime factors of 1155203810?
2, 5, 115520381
List the prime factors of 6755895.
3, 5, 150131
What are the prime factors of 22729202?
2, 11364601
List the prime factors of 433543432.
2, 7, 31, 249737
What are the prime factors of 3003905103?
3, 113, 491, 18047
What are the prime factors of 142640198?
2, 1229, 58031
What are the prime factors of 683114486?
2, 19, 1489, 12073
What are the prime factors of 361408239?
3, 47, 113, 7561
What are the prime factors of 88490402?
2, 7, 11, 13, 44201
List the prime factors of 2537552520.
2, 3, 5, 1093, 6449
What are the prime factors of 35395957?
5153, 6869
List the prime factors of 235701187.
1669, 141223
List the prime factors of 71929293.
3, 41, 584791
List the prime factors of 2090699634.
2, 3, 41, 8498779
What are the prime factors of 692919753?
3, 230973251
List the prime factors of 485702277.
3, 41, 47, 84017
List the prime factors of 3111696884.
2, 229, 421, 8069
What are the prime factors of 2126053134?
2, 3, 83, 1423061
List the prime factors of 279400815.
3, 5, 89, 69763
What are the prime factors of 77969956?
2, 17, 61, 18797
What are the prime factors of 5165138032?
2, 29, 1237, 8999
What are the prime factors of 103412993?
31, 3335903
List the prime factors of 2071275477.
3, 47, 312551
What are the prime factors of 73854164?
2, 61, 302681
What are the prime factors of 140504362?
2, 29, 2422489
What are the prime factors of 1311030941?
11, 1031, 115601
What are the prime factors of 23753098?
2, 2857, 4157
What are the prime factors of 686947323?
3, 228982441
List the prime factors of 1255794199.
11, 17, 67, 113, 887
What are the prime factors of 1246539273?
3, 7, 101, 113, 743
What are the prime factors of 141013834?
2, 13, 29, 6449
What are the prime factors of 240430949?
11, 17, 53, 1427
List the prime factors of 35515120.
2, 5, 443939
What are the prime factors of 109499748?
2, 3, 233, 39163
What are the prime factors of 700058955?
3, 5, 46670597
List the prime factors of 65679530.
2, 5, 7, 938279
What are the prime factors of 570191661?
3, 13, 4873433
